he remainder when 1429 is divided by 8.
5
Calculate the remainder when 3871 is divided by 111.
97
Calculate the remainder when 1462 is divided by 106.
84
Calculate the remainder when 366 is divided by 24.
6
Calculate the remainder when 9334 is divided by 24.
22
What is the remainder when 101 is divided by 22?
13
What is the remainder when 5662 is divided by 66?
52
Calculate the remainder when 1454 is divided by 104.
102
Calculate the remainder when 163 is divided by 49.
16
Calculate the remainder when 210 is divided by 17.
6
What is the remainder when 838 is divided by 70?
68
Calculate the remainder when 219 is divided by 46.
35
What is the remainder when 100 is divided by 35?
30
What is the remainder when 860 is divided by 57?
5
Calculate the remainder when 806 is divided by 14.
8
What is the remainder when 721 is divided by 36?
1
What is the remainder when 442 is divided by 430?
12
What is the remainder when 1255 is divided by 379?
118
Calculate the remainder when 550 is divided by 79.
76
What is the remainder when 696 is divided by 17?
16
Calculate the remainder when 106 is divided by 104.
2
What is the remainder when 263 is divided by 7?
4
Calculate the remainder when 8515 is divided by 213.
208
Calculate the remainder when 53 is divided by 6.
5
Calculate the remainder when 3055 is divided by 133.
129
Calculate the remainder when 2460 is divided by 56.
52
What is the remainder when 459 is divided by 120?
99
Calculate the remainder when 353 is divided by 245.
108
What is the remainder when 322 is divided by 5?
2
Calculate the remainder when 1537 is divided by 19.
17
What is the remainder when 2049 is divided by 37?
14
What is the remainder when 1018 is divided by 57?
49
Calculate the remainder when 424 is divided by 61.
58
What is the remainder when 232 is divided by 27?
16
Calculate the remainder when 420 is divided by 234.
186
Calculate the remainder when 479 is divided by 165.
149
Calculate the remainder when 7445 is divided by 14.
11
Calculate the remainder when 1440 is divided by 239.
6
Calculate the remainder when 228 is divided by 8.
4
Calculate the remainder when 1131 is divided by 397.
337
Calculate the remainder when 219 is divided by 20.
19
Calculate the remainder when 1482 is divided by 53.
51
What is the remainder when 2495 is divided by 359?
341
Calculate the remainder when 50395 is divided by 113.
110
Calculate the remainder when 71 is divided by 71.
0
What is the remainder when 416 is divided by 408?
8
Calculate the remainder when 842 is divided by 21.
2
What is the remainder when 922 is divided by 66?
64
Calculate the remainder when 275 is divided by 35.
30
Calculate the remainder when 122 is divided by 39.
5
Calculate the remainder when 336 is divided by 170.
166
What is the remainder when 52863 is divided by 267?
264
Calculate the remainder when 447 is divided by 56.
55
What is the remainder when 337 is divided by 100?
37
Calculate the remainder when 116 is divided by 17.
14
Calculate the remainder when 837 is divided by 131.
51
Calculate the remainder when 1075 is divided by 287.
214
What is the remainder when 2581 is divided by 199?
193
Calculate the remainder when 1010 is divided by 167.
8
What is the remainder when 832 is divided by 27?
22
Calculate the remainder when 578 is divided by 45.
38
Calculate the remainder when 81 is divided by 17.
13
Calculate the remainder when 58 is divided by 41.
17
What is the remainder when 5161 is divided by 75?
61
Calculate the remainder when 107 is divided by 3.
2
Calculate the remainder when 445 is divided by 41.
35
Calculate the remainder when 363 is divided by 46.
41
Calculate the remainder when 165 is divided by 72.
21
Calculate the remainder when 164 is divided by 35.
24
Calculate the remainder when 4425 is divided by 27.
24
What is the remainder when 58 is divided by 20?
18
What is the remainder when 46816 is divided by 459?
457
Calculate the remainder when 347 is divided by 92.
71
What is the remainder when 252 is divided by 2?
0
What is the remainder when 927 is divided by 49?
45
Calculate the remainder when 1330 is divided by 58.
54
What is the remainder when 868 is divided by 29?
27
Calculate the remainder when 231 is divided by 87.
57
What is the remainder when 132 is divided by 47?
38
What is the remainder when 177 is divided by 48?
33
What is the remainder when 597 is divided by 587?
10
What is the remainder when 137 is divided by 104?
33
What is the remainder when 1703 is divided by 18?
11
What is the remainder when 13457 is divided by 20?
17
What is the remainder when 1009 is divided by 22?
19
Calculate the remainder when 38 is divided by 20.
18
What is the remainder when 108 is divided by 29?
21
Calculate the remainder when 311 is divided by 5.
1
What is the remainder when 469 is divided by 157?
155
What is the remainder when 101 is divided by 15?
11
Calculate the remainder when 21 is divided by 3.
0
What is the remainder when 805 is divided by 185?
65
What is the remainder when 118 is divided by 30?
28
What is the remainder when 1975 is divided by 26?
25
What is the remainder when 60 is divided by 4?
0
What is the remainder when 43 is divided by 12?
7
Calculate the remainder when 2250 is divided by 161.
157
What is the remainder when 898 is divided by 41?
37
What is the remainder when 134 is divided by 66?
2
Calculate the remainder when 33 is divided by 17.
16
Calculate the remainder when 334 is divided by 100.
34
What is the remainder when 1890 is divided by 45?
0
What is the remainder when 555 is divided by 172?
39
What is the remainder when 3624 is divided by 35?
19
Calculate the remainder when 2266 is divided by 564.
10
What is the remainder when 668 is divided by 332?
4
Calculate the remainder when 4177 is divided by 95.
92
What is the remainder when 2819 is divided by 13?
11
Calculate the remainder when 1057 is divided by 521.
15
What is the remainder when 852 is divided by 230?
162
What is the remainder when 1890 is divided by 310?
30
Calculate the remainder when 918 is divided by 71.
66
Calculate the remainder when 1299 is divided by 45.
39
What is the remainder when 210 is divided by 54?
48
What is the remainder when 9652 is divided by 2413?
0
Calculate the remainder when 98 is divided by 40.
18
Calculate the remainder when 636 is divided by 296.
44
Calculate the remainder when 107 is divided by 42.
23
What is the remainder when 162 is divided by 12?
6
Calculate the remainder when 3466 is divided by 49.
36
What is the remainder when 2294 is divided by 135?
134
Calculate the remainder when 926 is divided by 14.
2
Calculate the remainder when 502 is divided by 166.
4
Calculate the remainder when 23 is divided by 15.
8
What is the remainder when 1729 is divided by 573?
10
Calculate the remainder when 1345 is divided by 123.
115
Calculate the remainder when 2126 is divided by 102.
86
What is the remainder when 879 is divided by 111?
102
What is the remainder when 244 is divided by 197?
47
Calculate the remainder when 489 is divided by 99.
93
Calculate the remainder when 894 is divided by 132.
102
What is the remainder when 471 is divided by 79?
76
What is the remainder when 2712 is divided by 13?
8
Calculate the remainder when 111 is divided by 27.
3
What is the remainder when 116 is divided by 11?
6
What is the remainder when 454 is divided by 92?
86
Calculate the remainder when 12 is divided by 6.
0
Calculate the remainder when 247 is divided by 70.
37
Calculate the remainder when 326 is divided by 69.
50
Calculate the remainder when 888 is divided by 91.
69
What is the remainder when 6681 is divided by 35?
31
Calculate the remainder when 645 is divided by 12.
9
What is the remainder when 157 is divided by 87?
70
What is the remainder when 59 is divided by 42?
17
Calculate the remainder when 63 is divided by 6.
3
What is the remainder when 1770 is divided by 483?
321
Calculate the remainder when 15039 is divided by 40.
39
What is the remainder when 75 is divided by 6?
3
Calculate the remainder when 314 is divided by 20.
14
Calculate the remainder when 671 is divided by 221.
8
Calculate the remainder when 985 is divided by 978.
7
What is the remainder when 627 is divided by 54?
33
What is the remainder when 65 is divided by 15?
5
What is the remainder whe